{"id":78,"date":"2017-02-12T16:35:39","date_gmt":"2017-02-12T15:35:39","guid":{"rendered":"http:\/\/ganesha-shop-fuerth.de\/onlineshop2\/?page_id=78"},"modified":"2018-12-11T19:15:16","modified_gmt":"2018-12-11T18:15:16","slug":"agb","status":"publish","type":"page","link":"https:\/\/ganesha-shop-fuerth.de\/onlineshop\/agb\/","title":{"rendered":"AGB"},"content":{"rendered":"<p><strong>Allgemeine Gesch\u00e4ftsbedingungen<\/strong><\/p>\n<p>\u00a71) Grundlegende Bestimmungen<br \/>\nDer Vertrag kommt mit dem im Impressum angegebenen Anbieter (nachfolgend Verk\u00e4ufer genannt) zustande. Die nachstehenden Vertragsbedingungen gelten f\u00fcr alle geschlossenen Vertr\u00e4ge zwischen dem Verk\u00e4ufer und dem jeweiligen K\u00e4ufer und werden mit der Bestellung ausdr\u00fccklich anerkannt. Verbraucher im Sinne der nachstehenden Regelungen ist jede nat\u00fcrliche Person, die ein Rechtsgesch\u00e4ft zu einem Zwecke abschlie\u00dft, das weder ihrer gewerblichen noch selbst\u00e4ndigen beruflichen T\u00e4tigkeit zugerechnet werden kann.<br \/>\n\u00a72) Bestellungen<br \/>\nUnsere Warenangebote im Ganesha Online Shop stellen kein verbindliches Angebot zum Abschluss eines Kaufvertrages dar, sondern eine Aufforderung zur Abgabe einer Bestellung (Kaufangebot des K\u00e4ufers). Alle Bestellungen werden nur zu unseren Allgemeinen Liefer- und Zahlungsbedingungen angenommen. Unsere Angebote sind freibleibend. Wir \u00fcbernehmen keine Gew\u00e4hr, dass die von uns zum Kauf angebotenen Waren auch tats\u00e4chlich und zu den genannten Preisen lieferbar sein werden.<\/p>\n<p>Bestellvorgang beim Ganesha Online Shop:<br \/>\n1. Melden Sie sich an oder registrieren Sie sich als Neukunde (Sie k\u00f6nnen auch ohne Registrierung einkaufen)<br \/>\n2. Legen Sie ihre ausgesuchten Artikel in den Warenkorb<br \/>\n3. Schliessen Sie die Bestellung ab. Sie erhalten danach umgehend eine Best\u00e4tigungsmail von uns mit den Bestelldaten ihres Einkaufs sowie Angaben zur Zahlungsabwicklung. Sie k\u00f6nnen per \u00dcberweisung \/ Vorkasse bezahlen.<\/p>\n<p>\u00a73) Lieferung<br \/>\nLieferfristen sind nur soweit verbindlich, als sie von uns schriftlich best\u00e4tigt worden sind. Die Lieferung erfolgt ab F\u00fcrth. In allen F\u00e4llen tr\u00e4gt der K\u00e4ufer die Versandkosten au\u00dfer es wurde der Grenzbetrag zum Versandkosten freien Betrag \u00fcberschritten. Unsere Preise schlie\u00dfen eine handels\u00fcbliche und f\u00fcr den normalen Versand geeignete Verpackung ein. Bei Bestellannahme wird die Ware umgehend nach Zahlungseingang abgesendet.<\/p>\n<p>\u00a74) Preise<br \/>\nAlle Preise sind inklusive der gesetzlichen Mehrwertsteuer.<\/p>\n<p>\u00a75) Zahlung<br \/>\nDie Bezahlung ihrer bestellten Ware erfolgt entweder per Vorkasse (\u00dcberweisung) oder \u00fcber PayPal Plus (PayPal Plus enth\u00e4lt: PayPal, Visa, Mastercard, SEPA). Der Versand der Ware erfolgt nach Zahlungseingang.<\/p>\n<p>\u00a76) Eigentumsvorbehalt<br \/>\nAlle Waren bleiben unser Eigentum, bis der Kaufpreis einschlie\u00dflich Zinsen und sonstigen Auslagen bezahlt ist oder solange wir noch Anspr\u00fcche an den K\u00e4ufer haben.<\/p>\n<p>\u00a77) Sonstiges<br \/>\nWir weisen darauf hin, dass wir im Rahmen des \u00fcblichen Gesch\u00e4ftsverkehrs anfallende personenbezogene Daten unserer Kunden im Sinne des Datenschutzgesetzes speichern und verarbeiten.<\/p>\n<p>\u00a78) Geistige Eigentumsrechte<br \/>\nDie geistigen Eigentumsrechte f\u00fcr die Ganesha Online Shop Internet-Seiten einschlie\u00dflich ihrer Gestaltung und Inhalte, insbesondere aller Dokumente, Elemente und Programme, stehen ausschlie\u00dflich Ganesha Online Shop zu und d\u00fcrfen ohne vorherige ausdr\u00fcckliche Einwilligung nicht vervielf\u00e4ltigt, verbreitet, bearbeitet oder \u00f6ffentlich wiedergegeben werden. Au\u00dfnahmen gelten f\u00fcr die Teile unseres Onlineanbotes das uns von anderen Firmen zu Verf\u00fcgung gestellt wurde.<\/p>\n<p>Die Reproduktion oder sonstige Verwendung der ver\u00f6ffentlichten Dokumente ist nur zu informativen Zwecken oder zum pers\u00f6nlichen Gebrauch zul\u00e4ssig. Jede andere Reproduktion und jeder andere Gebrauch ist ausdr\u00fccklich untersagt.<\/p>\n<p>\u00a79) Wichtige Kundeninformation<br \/>\nDie Abbildungen in unserem Katalog sind unverbindlich. Sie k\u00f6nnen sich in Farbe, Form und Gr\u00f6\u00dfe etwas von den Originalprodukten unterscheiden. \u00c4nderungen, Druckfehler und Irrt\u00fcmer jeglicher Art behalten wir uns vor. Der Vertrag unterliegt deutschem Recht. Die Unwirksamkeit einzelner Punkte dieser Allgemeinen Gesch\u00e4ftsbedingung ber\u00fchrt die Wirksamkeit der \u00fcbrigen Bestimmungen nicht.<\/p>\n<p>\u00a710) Datenschutzerkl\u00e4rung<br \/>\nDie Datenschutzerkl\u00e4rung entnehmen sie bitte diesem Link: &#8222;<a href=\"https:\/\/ganesha-shop-fuerth.de\/onlineshop\/datenschutz\/\">Datenschutz<\/a>&#8220;<br \/>\n<div class=\"woocommerce woocommerce-gzd woocommerce-gzd-complaints-shortcode\">\n\t\t\t<h3>Alternative Streitbeilegung gem\u00e4\u00df Art. 14 Abs. 1 ODR-VO und \u00a7 36 VSBG:<\/h3>\n\t\nZur Teilnahme an einem Streitbeilegungsverfahren vor einer Verbraucherschlichtungsstelle sind wir nicht verpflichtet und nicht bereit.<\/div>\n","protected":false},"excerpt":{"rendered":"<p>Allgemeine Gesch\u00e4ftsbedingungen \u00a71) Grundlegende Bestimmungen Der Vertrag kommt mit dem im Impressum angegebenen Anbieter (nachfolgend Verk\u00e4ufer genannt) zustande. Die nachstehenden Vertragsbedingungen gelten f\u00fcr alle geschlossenen Vertr\u00e4ge zwischen dem Verk\u00e4ufer und dem jeweiligen K\u00e4ufer und werden mit der Bestellung ausdr\u00fccklich anerkannt. Verbraucher im Sinne der nachstehenden Regelungen ist jede nat\u00fcrliche Person, die ein Rechtsgesch\u00e4ft zu einem [&hellip;]<\/p>\n","protected":false},"author":1,"featured_media":0,"parent":0,"menu_order":0,"comment_status":"closed","ping_status":"closed","template":"","meta":{"footnotes":""},"class_list":["post-78","page","type-page","status-publish","hentry"],"yoast_head":"<!-- This site is optimized with the Yoast SEO plugin v27.5 - https:\/\/yoast.com\/product\/yoast-seo-wordpress\/ -->\n<title>AGB - Ganesha Online Shop<\/title>\n<meta name=\"robots\" content=\"index, follow, max-snippet:-1, max-image-preview:large, max-video-preview:-1\" \/>\n<link rel=\"canonical\" href=\"https:\/\/ganesha-shop-fuerth.de\/onlineshop\/agb\/\" \/>\n<meta property=\"og:locale\" content=\"de_DE\" \/>\n<meta property=\"og:type\" content=\"article\" \/>\n<meta property=\"og:title\" content=\"AGB - Ganesha Online Shop\" \/>\n<meta property=\"og:description\" content=\"Allgemeine Gesch\u00e4ftsbedingungen \u00a71) Grundlegende Bestimmungen Der Vertrag kommt mit dem im Impressum angegebenen Anbieter (nachfolgend Verk\u00e4ufer genannt) zustande. Die nachstehenden Vertragsbedingungen gelten f\u00fcr alle geschlossenen Vertr\u00e4ge zwischen dem Verk\u00e4ufer und dem jeweiligen K\u00e4ufer und werden mit der Bestellung ausdr\u00fccklich anerkannt. Verbraucher im Sinne der nachstehenden Regelungen ist jede nat\u00fcrliche Person, die ein Rechtsgesch\u00e4ft zu einem [&hellip;]\" \/>\n<meta property=\"og:url\" content=\"https:\/\/ganesha-shop-fuerth.de\/onlineshop\/agb\/\" \/>\n<meta property=\"og:site_name\" content=\"Ganesha Online Shop\" \/>\n<meta property=\"article:publisher\" content=\"https:\/\/de-de.facebook.com\/ganeshashopfuerth\/\" \/>\n<meta property=\"article:modified_time\" content=\"2018-12-11T18:15:16+00:00\" \/>\n<meta name=\"twitter:card\" content=\"summary_large_image\" \/>\n<meta name=\"twitter:label1\" content=\"Gesch\u00e4tzte Lesezeit\" \/>\n\t<meta name=\"twitter:data1\" content=\"3\u00a0Minuten\" \/>\n<script type=\"application\/ld+json\" class=\"yoast-schema-graph\">{\"@context\":\"https:\\\/\\\/schema.org\",\"@graph\":[{\"@type\":\"WebPage\",\"@id\":\"https:\\\/\\\/ganesha-shop-fuerth.de\\\/onlineshop\\\/agb\\\/\",\"url\":\"https:\\\/\\\/ganesha-shop-fuerth.de\\\/onlineshop\\\/agb\\\/\",\"name\":\"AGB - Ganesha Online Shop\",\"isPartOf\":{\"@id\":\"https:\\\/\\\/ganesha-shop-fuerth.de\\\/onlineshop\\\/#website\"},\"datePublished\":\"2017-02-12T15:35:39+00:00\",\"dateModified\":\"2018-12-11T18:15:16+00:00\",\"breadcrumb\":{\"@id\":\"https:\\\/\\\/ganesha-shop-fuerth.de\\\/onlineshop\\\/agb\\\/#breadcrumb\"},\"inLanguage\":\"de\",\"potentialAction\":[{\"@type\":\"ReadAction\",\"target\":[\"https:\\\/\\\/ganesha-shop-fuerth.de\\\/onlineshop\\\/agb\\\/\"]}]},{\"@type\":\"BreadcrumbList\",\"@id\":\"https:\\\/\\\/ganesha-shop-fuerth.de\\\/onlineshop\\\/agb\\\/#breadcrumb\",\"itemListElement\":[{\"@type\":\"ListItem\",\"position\":1,\"name\":\"Startseite\",\"item\":\"https:\\\/\\\/ganesha-shop-fuerth.de\\\/onlineshop\\\/\"},{\"@type\":\"ListItem\",\"position\":2,\"name\":\"AGB\"}]},{\"@type\":\"WebSite\",\"@id\":\"https:\\\/\\\/ganesha-shop-fuerth.de\\\/onlineshop\\\/#website\",\"url\":\"https:\\\/\\\/ganesha-shop-fuerth.de\\\/onlineshop\\\/\",\"name\":\"Ganesha Online Shop\",\"description\":\"Schmuck Kleidung Accessoires aus Asien\",\"publisher\":{\"@id\":\"https:\\\/\\\/ganesha-shop-fuerth.de\\\/onlineshop\\\/#organization\"},\"potentialAction\":[{\"@type\":\"SearchAction\",\"target\":{\"@type\":\"EntryPoint\",\"urlTemplate\":\"https:\\\/\\\/ganesha-shop-fuerth.de\\\/onlineshop\\\/?s={search_term_string}\"},\"query-input\":{\"@type\":\"PropertyValueSpecification\",\"valueRequired\":true,\"valueName\":\"search_term_string\"}}],\"inLanguage\":\"de\"},{\"@type\":\"Organization\",\"@id\":\"https:\\\/\\\/ganesha-shop-fuerth.de\\\/onlineshop\\\/#organization\",\"name\":\"Ganesha Shop F\u00fcrth\",\"url\":\"https:\\\/\\\/ganesha-shop-fuerth.de\\\/onlineshop\\\/\",\"logo\":{\"@type\":\"ImageObject\",\"inLanguage\":\"de\",\"@id\":\"https:\\\/\\\/ganesha-shop-fuerth.de\\\/onlineshop\\\/#\\\/schema\\\/logo\\\/image\\\/\",\"url\":\"https:\\\/\\\/ganesha-shop-fuerth.de\\\/onlineshop\\\/wp-content\\\/uploads\\\/Logos\\\/ganesha-onlineshop-footer-logo-19-Jahre.png\",\"contentUrl\":\"https:\\\/\\\/ganesha-shop-fuerth.de\\\/onlineshop\\\/wp-content\\\/uploads\\\/Logos\\\/ganesha-onlineshop-footer-logo-19-Jahre.png\",\"width\":250,\"height\":299,\"caption\":\"Ganesha Shop F\u00fcrth\"},\"image\":{\"@id\":\"https:\\\/\\\/ganesha-shop-fuerth.de\\\/onlineshop\\\/#\\\/schema\\\/logo\\\/image\\\/\"},\"sameAs\":[\"https:\\\/\\\/de-de.facebook.com\\\/ganeshashopfuerth\\\/\",\"https:\\\/\\\/www.youtube.com\\\/channel\\\/UCECWtim6iWB8dozVcmw-GcA\"]}]}<\/script>\n<!-- \/ Yoast SEO plugin. -->","yoast_head_json":{"title":"AGB - Ganesha Online Shop","robots":{"index":"index","follow":"follow","max-snippet":"max-snippet:-1","max-image-preview":"max-image-preview:large","max-video-preview":"max-video-preview:-1"},"canonical":"https:\/\/ganesha-shop-fuerth.de\/onlineshop\/agb\/","og_locale":"de_DE","og_type":"article","og_title":"AGB - Ganesha Online Shop","og_description":"Allgemeine Gesch\u00e4ftsbedingungen \u00a71) Grundlegende Bestimmungen Der Vertrag kommt mit dem im Impressum angegebenen Anbieter (nachfolgend Verk\u00e4ufer genannt) zustande. Die nachstehenden Vertragsbedingungen gelten f\u00fcr alle geschlossenen Vertr\u00e4ge zwischen dem Verk\u00e4ufer und dem jeweiligen K\u00e4ufer und werden mit der Bestellung ausdr\u00fccklich anerkannt. Verbraucher im Sinne der nachstehenden Regelungen ist jede nat\u00fcrliche Person, die ein Rechtsgesch\u00e4ft zu einem [&hellip;]","og_url":"https:\/\/ganesha-shop-fuerth.de\/onlineshop\/agb\/","og_site_name":"Ganesha Online Shop","article_publisher":"https:\/\/de-de.facebook.com\/ganeshashopfuerth\/","article_modified_time":"2018-12-11T18:15:16+00:00","twitter_card":"summary_large_image","twitter_misc":{"Gesch\u00e4tzte Lesezeit":"3\u00a0Minuten"},"schema":{"@context":"https:\/\/schema.org","@graph":[{"@type":"WebPage","@id":"https:\/\/ganesha-shop-fuerth.de\/onlineshop\/agb\/","url":"https:\/\/ganesha-shop-fuerth.de\/onlineshop\/agb\/","name":"AGB - Ganesha Online Shop","isPartOf":{"@id":"https:\/\/ganesha-shop-fuerth.de\/onlineshop\/#website"},"datePublished":"2017-02-12T15:35:39+00:00","dateModified":"2018-12-11T18:15:16+00:00","breadcrumb":{"@id":"https:\/\/ganesha-shop-fuerth.de\/onlineshop\/agb\/#breadcrumb"},"inLanguage":"de","potentialAction":[{"@type":"ReadAction","target":["https:\/\/ganesha-shop-fuerth.de\/onlineshop\/agb\/"]}]},{"@type":"BreadcrumbList","@id":"https:\/\/ganesha-shop-fuerth.de\/onlineshop\/agb\/#breadcrumb","itemListElement":[{"@type":"ListItem","position":1,"name":"Startseite","item":"https:\/\/ganesha-shop-fuerth.de\/onlineshop\/"},{"@type":"ListItem","position":2,"name":"AGB"}]},{"@type":"WebSite","@id":"https:\/\/ganesha-shop-fuerth.de\/onlineshop\/#website","url":"https:\/\/ganesha-shop-fuerth.de\/onlineshop\/","name":"Ganesha Online Shop","description":"Schmuck Kleidung Accessoires aus Asien","publisher":{"@id":"https:\/\/ganesha-shop-fuerth.de\/onlineshop\/#organization"},"potentialAction":[{"@type":"SearchAction","target":{"@type":"EntryPoint","urlTemplate":"https:\/\/ganesha-shop-fuerth.de\/onlineshop\/?s={search_term_string}"},"query-input":{"@type":"PropertyValueSpecification","valueRequired":true,"valueName":"search_term_string"}}],"inLanguage":"de"},{"@type":"Organization","@id":"https:\/\/ganesha-shop-fuerth.de\/onlineshop\/#organization","name":"Ganesha Shop F\u00fcrth","url":"https:\/\/ganesha-shop-fuerth.de\/onlineshop\/","logo":{"@type":"ImageObject","inLanguage":"de","@id":"https:\/\/ganesha-shop-fuerth.de\/onlineshop\/#\/schema\/logo\/image\/","url":"https:\/\/ganesha-shop-fuerth.de\/onlineshop\/wp-content\/uploads\/Logos\/ganesha-onlineshop-footer-logo-19-Jahre.png","contentUrl":"https:\/\/ganesha-shop-fuerth.de\/onlineshop\/wp-content\/uploads\/Logos\/ganesha-onlineshop-footer-logo-19-Jahre.png","width":250,"height":299,"caption":"Ganesha Shop F\u00fcrth"},"image":{"@id":"https:\/\/ganesha-shop-fuerth.de\/onlineshop\/#\/schema\/logo\/image\/"},"sameAs":["https:\/\/de-de.facebook.com\/ganeshashopfuerth\/","https:\/\/www.youtube.com\/channel\/UCECWtim6iWB8dozVcmw-GcA"]}]}},"_links":{"self":[{"href":"https:\/\/ganesha-shop-fuerth.de\/onlineshop\/wp-json\/wp\/v2\/pages\/78","targetHints":{"allow":["GET"]}}],"collection":[{"href":"https:\/\/ganesha-shop-fuerth.de\/onlineshop\/wp-json\/wp\/v2\/pages"}],"about":[{"href":"https:\/\/ganesha-shop-fuerth.de\/onlineshop\/wp-json\/wp\/v2\/types\/page"}],"author":[{"embeddable":true,"href":"https:\/\/ganesha-shop-fuerth.de\/onlineshop\/wp-json\/wp\/v2\/users\/1"}],"replies":[{"embeddable":true,"href":"https:\/\/ganesha-shop-fuerth.de\/onlineshop\/wp-json\/wp\/v2\/comments?post=78"}],"version-history":[{"count":10,"href":"https:\/\/ganesha-shop-fuerth.de\/onlineshop\/wp-json\/wp\/v2\/pages\/78\/revisions"}],"predecessor-version":[{"id":1879,"href":"https:\/\/ganesha-shop-fuerth.de\/onlineshop\/wp-json\/wp\/v2\/pages\/78\/revisions\/1879"}],"wp:attachment":[{"href":"https:\/\/ganesha-shop-fuerth.de\/onlineshop\/wp-json\/wp\/v2\/media?parent=78"}],"curies":[{"name":"wp","href":"https:\/\/api.w.org\/{rel}","templated":true}]}}