{"id":4741,"date":"2021-12-22T21:41:47","date_gmt":"2021-12-22T20:41:47","guid":{"rendered":"https:\/\/ganesha-shop-fuerth.de\/onlineshop\/?post_type=product&#038;p=4741"},"modified":"2024-12-07T13:36:06","modified_gmt":"2024-12-07T12:36:06","slug":"weisser-lotus-raeucherstaebchen-von-auroshikha","status":"publish","type":"product","link":"https:\/\/ganesha-shop-fuerth.de\/onlineshop\/shop\/raeucherstaebchen-aus-indien\/auroshikha-raeucherstaebchen\/weisser-lotus-raeucherstaebchen-von-auroshikha\/","title":{"rendered":"Wei\u00dfer Lotus R\u00e4ucherst\u00e4bchen von Auroshikha"},"content":{"rendered":"<p>Wei\u00dfer Lotus R\u00e4ucherst\u00e4bchen von Auroshikha aus Indien, handgemacht. Packungsinhalt: 10,0 g entspricht in etwa ca. 10 &#8211; 12 R\u00e4ucherst\u00e4bchen. L\u00e4nge der R\u00e4ucherst\u00e4bchen: ca. 20 cm inkl. Holzstab. Der Duft von Lotus ist rein, pur, sanft, pudrig, s\u00fc\u00df und fesselnd zugleich. Wer den Duft von Lotus erf\u00e4hrt, f\u00fchlt sich wie in einer Welt voller Ruhe und Frieden. Im Hinduismus ist Lotus ein Symbol f\u00fcr g\u00f6ttliche Sch\u00f6nheit, Fruchtbarkeit, Wohlstand, Wissen und Erleuchtung.<br \/>\nAuroshikha R\u00e4ucherwerk gilt als eines der sch\u00f6nsten aus Indien. <strong>Angaben laut Hersteller:<\/strong> Auroshikha R\u00e4ucherware wird sorgf\u00e4ltig mit nat\u00fcrlichen Zutaten gefertigt, um einen Duft zu schaffen, der der Natur treu ist. Das Ergebnis ist eine Auswahl der feinsten D\u00fcfte der Welt mit der Delikatesse und der Sch\u00f6nheit des urspr\u00fcnglichen Duftes selbst. Sie sind alle nat\u00fcrlich, aus \u00e4therischen \u00d6len, Rinde, Blumen und duftenden W\u00e4ldern. Auroshikha R\u00e4ucherduft wird laut den Richtlinien der &#8222;<a href=\"https:\/\/en.wikipedia.org\/wiki\/International_Fragrance_Association\" target=\"_blank\" rel=\"noopener\">Internationalen Duft Association, Genf, Schweiz<\/a>&#8220; hergestellt. Bitte w\u00e4hlen Sie im obigen Dropdown Men\u00fc die gew\u00fcnschte Anzahl an R\u00e4ucherst\u00e4bchen aus.<\/p>\n<figure id=\"attachment_4734\" aria-describedby=\"caption-attachment-4734\" style=\"width: 420px\" class=\"wp-caption alignnone\"><a href=\"https:\/\/ganesha-shop-fuerth.de\/onlineshop\/wp-content\/uploads\/R\u00e4ucherst\u00e4bchen\/Auroshikha\/gso-rst-auroshikha-white-lotus.jpg\"><img loading=\"lazy\" decoding=\"async\" class=\"wp-image-4734\" src=\"https:\/\/ganesha-shop-fuerth.de\/onlineshop\/wp-content\/uploads\/R\u00e4ucherst\u00e4bchen\/Auroshikha\/gso-rst-auroshikha-white-lotus-300x200.jpg\" alt=\"Wei\u00dfer Lotus R\u00e4ucherst\u00e4bchen von Auroshikha kaufen\" width=\"420\" height=\"280\" srcset=\"https:\/\/ganesha-shop-fuerth.de\/onlineshop\/wp-content\/uploads\/R\u00e4ucherst\u00e4bchen\/Auroshikha\/gso-rst-auroshikha-white-lotus-300x200.jpg 300w, https:\/\/ganesha-shop-fuerth.de\/onlineshop\/wp-content\/uploads\/R\u00e4ucherst\u00e4bchen\/Auroshikha\/gso-rst-auroshikha-white-lotus-1024x683.jpg 1024w, https:\/\/ganesha-shop-fuerth.de\/onlineshop\/wp-content\/uploads\/R\u00e4ucherst\u00e4bchen\/Auroshikha\/gso-rst-auroshikha-white-lotus-768x512.jpg 768w, https:\/\/ganesha-shop-fuerth.de\/onlineshop\/wp-content\/uploads\/R\u00e4ucherst\u00e4bchen\/Auroshikha\/gso-rst-auroshikha-white-lotus-324x216.jpg 324w, https:\/\/ganesha-shop-fuerth.de\/onlineshop\/wp-content\/uploads\/R\u00e4ucherst\u00e4bchen\/Auroshikha\/gso-rst-auroshikha-white-lotus-416x277.jpg 416w, https:\/\/ganesha-shop-fuerth.de\/onlineshop\/wp-content\/uploads\/R\u00e4ucherst\u00e4bchen\/Auroshikha\/gso-rst-auroshikha-white-lotus.jpg 1200w\" sizes=\"auto, (max-width: 420px) 100vw, 420px\" \/><\/a><figcaption id=\"caption-attachment-4734\" class=\"wp-caption-text\">Wei\u00dfer Lotus R\u00e4ucherst\u00e4bchen von Auroshikha<\/figcaption><\/figure>\n","protected":false},"excerpt":{"rendered":"<p>Wei\u00dfer Lotus R\u00e4ucherst\u00e4bchen von Auroshikha<\/p>\n","protected":false},"featured_media":4734,"comment_status":"open","ping_status":"closed","template":"","meta":[],"product_brand":[],"product_cat":[289,195],"product_tag":[260],"class_list":{"0":"post-4741","1":"product","2":"type-product","3":"status-publish","4":"has-post-thumbnail","6":"product_cat-auroshikha-raeucherstaebchen","7":"product_cat-raeucherstaebchen-aus-indien","8":"product_tag-raeucherwerk-raeucherware","9":"pa_marke-auroshikha","11":"first","12":"outofstock","13":"taxable","14":"shipping-taxable","15":"purchasable","16":"product-type-variable"},"yoast_head":"<!-- This site is optimized with the Yoast SEO plugin v27.5 - https:\/\/yoast.com\/product\/yoast-seo-wordpress\/ -->\n<title>Wei\u00dfer Lotus R\u00e4ucherst\u00e4bchen von Auroshikha im Ganesha Online Shop<\/title>\n<meta name=\"description\" content=\"Wei\u00dfer Lotus R\u00e4ucherst\u00e4bchen von Auroshikha im Ganesha Online Shop. Weitere R\u00e4ucherst\u00e4bchen D\u00fcfte von Auroshikha im Shop verf\u00fcgbar.\" \/>\n<meta name=\"robots\" content=\"index, follow, max-snippet:-1, max-image-preview:large, max-video-preview:-1\" \/>\n<link rel=\"canonical\" href=\"https:\/\/ganesha-shop-fuerth.de\/onlineshop\/shop\/raeucherstaebchen-aus-indien\/auroshikha-raeucherstaebchen\/weisser-lotus-raeucherstaebchen-von-auroshikha\/\" \/>\n<meta property=\"og:locale\" content=\"de_DE\" \/>\n<meta property=\"og:type\" content=\"article\" \/>\n<meta property=\"og:title\" content=\"Wei\u00dfer Lotus R\u00e4ucherst\u00e4bchen von Auroshikha im Ganesha Online Shop\" \/>\n<meta property=\"og:description\" content=\"Wei\u00dfer Lotus R\u00e4ucherst\u00e4bchen von Auroshikha im Ganesha Online Shop. Weitere R\u00e4ucherst\u00e4bchen D\u00fcfte von Auroshikha im Shop verf\u00fcgbar.\" \/>\n<meta property=\"og:url\" content=\"https:\/\/ganesha-shop-fuerth.de\/onlineshop\/shop\/raeucherstaebchen-aus-indien\/auroshikha-raeucherstaebchen\/weisser-lotus-raeucherstaebchen-von-auroshikha\/\" \/>\n<meta property=\"og:site_name\" content=\"Ganesha Online Shop\" \/>\n<meta property=\"article:publisher\" content=\"https:\/\/de-de.facebook.com\/ganeshashopfuerth\/\" \/>\n<meta property=\"article:modified_time\" content=\"2024-12-07T12:36:06+00:00\" \/>\n<meta property=\"og:image\" content=\"https:\/\/ganesha-shop-fuerth.de\/onlineshop\/wp-content\/uploads\/R\u00e4ucherst\u00e4bchen\/Auroshikha\/gso-rst-auroshikha-white-lotus.jpg\" \/>\n\t<meta property=\"og:image:width\" content=\"1200\" \/>\n\t<meta property=\"og:image:height\" content=\"800\" \/>\n\t<meta property=\"og:image:type\" content=\"image\/jpeg\" \/>\n<meta name=\"twitter:card\" content=\"summary_large_image\" \/>\n<meta name=\"twitter:label1\" content=\"Gesch\u00e4tzte Lesezeit\" \/>\n\t<meta name=\"twitter:data1\" content=\"2\u00a0Minuten\" \/>\n<script type=\"application\/ld+json\" class=\"yoast-schema-graph\">{\"@context\":\"https:\\\/\\\/schema.org\",\"@graph\":[{\"@type\":\"WebPage\",\"@id\":\"https:\\\/\\\/ganesha-shop-fuerth.de\\\/onlineshop\\\/shop\\\/raeucherstaebchen-aus-indien\\\/auroshikha-raeucherstaebchen\\\/weisser-lotus-raeucherstaebchen-von-auroshikha\\\/\",\"url\":\"https:\\\/\\\/ganesha-shop-fuerth.de\\\/onlineshop\\\/shop\\\/raeucherstaebchen-aus-indien\\\/auroshikha-raeucherstaebchen\\\/weisser-lotus-raeucherstaebchen-von-auroshikha\\\/\",\"name\":\"Wei\u00dfer Lotus R\u00e4ucherst\u00e4bchen von Auroshikha im Ganesha Online Shop\",\"isPartOf\":{\"@id\":\"https:\\\/\\\/ganesha-shop-fuerth.de\\\/onlineshop\\\/#website\"},\"primaryImageOfPage\":{\"@id\":\"https:\\\/\\\/ganesha-shop-fuerth.de\\\/onlineshop\\\/shop\\\/raeucherstaebchen-aus-indien\\\/auroshikha-raeucherstaebchen\\\/weisser-lotus-raeucherstaebchen-von-auroshikha\\\/#primaryimage\"},\"image\":{\"@id\":\"https:\\\/\\\/ganesha-shop-fuerth.de\\\/onlineshop\\\/shop\\\/raeucherstaebchen-aus-indien\\\/auroshikha-raeucherstaebchen\\\/weisser-lotus-raeucherstaebchen-von-auroshikha\\\/#primaryimage\"},\"thumbnailUrl\":\"https:\\\/\\\/ganesha-shop-fuerth.de\\\/onlineshop\\\/wp-content\\\/uploads\\\/R\u00e4ucherst\u00e4bchen\\\/Auroshikha\\\/gso-rst-auroshikha-white-lotus.jpg\",\"datePublished\":\"2021-12-22T20:41:47+00:00\",\"dateModified\":\"2024-12-07T12:36:06+00:00\",\"description\":\"Wei\u00dfer Lotus R\u00e4ucherst\u00e4bchen von Auroshikha im Ganesha Online Shop. Weitere R\u00e4ucherst\u00e4bchen D\u00fcfte von Auroshikha im Shop verf\u00fcgbar.\",\"breadcrumb\":{\"@id\":\"https:\\\/\\\/ganesha-shop-fuerth.de\\\/onlineshop\\\/shop\\\/raeucherstaebchen-aus-indien\\\/auroshikha-raeucherstaebchen\\\/weisser-lotus-raeucherstaebchen-von-auroshikha\\\/#breadcrumb\"},\"inLanguage\":\"de\",\"potentialAction\":[{\"@type\":\"ReadAction\",\"target\":[\"https:\\\/\\\/ganesha-shop-fuerth.de\\\/onlineshop\\\/shop\\\/raeucherstaebchen-aus-indien\\\/auroshikha-raeucherstaebchen\\\/weisser-lotus-raeucherstaebchen-von-auroshikha\\\/\"]}]},{\"@type\":\"ImageObject\",\"inLanguage\":\"de\",\"@id\":\"https:\\\/\\\/ganesha-shop-fuerth.de\\\/onlineshop\\\/shop\\\/raeucherstaebchen-aus-indien\\\/auroshikha-raeucherstaebchen\\\/weisser-lotus-raeucherstaebchen-von-auroshikha\\\/#primaryimage\",\"url\":\"https:\\\/\\\/ganesha-shop-fuerth.de\\\/onlineshop\\\/wp-content\\\/uploads\\\/R\u00e4ucherst\u00e4bchen\\\/Auroshikha\\\/gso-rst-auroshikha-white-lotus.jpg\",\"contentUrl\":\"https:\\\/\\\/ganesha-shop-fuerth.de\\\/onlineshop\\\/wp-content\\\/uploads\\\/R\u00e4ucherst\u00e4bchen\\\/Auroshikha\\\/gso-rst-auroshikha-white-lotus.jpg\",\"width\":1200,\"height\":800,\"caption\":\"Wei\u00dfer Lotus R\u00e4ucherst\u00e4bchen von Auroshikha\"},{\"@type\":\"BreadcrumbList\",\"@id\":\"https:\\\/\\\/ganesha-shop-fuerth.de\\\/onlineshop\\\/shop\\\/raeucherstaebchen-aus-indien\\\/auroshikha-raeucherstaebchen\\\/weisser-lotus-raeucherstaebchen-von-auroshikha\\\/#breadcrumb\",\"itemListElement\":[{\"@type\":\"ListItem\",\"position\":1,\"name\":\"Startseite\",\"item\":\"https:\\\/\\\/ganesha-shop-fuerth.de\\\/onlineshop\\\/\"},{\"@type\":\"ListItem\",\"position\":2,\"name\":\"Ganesha Online Shop\",\"item\":\"https:\\\/\\\/ganesha-shop-fuerth.de\\\/onlineshop\\\/shop\\\/\"},{\"@type\":\"ListItem\",\"position\":3,\"name\":\"Wei\u00dfer Lotus R\u00e4ucherst\u00e4bchen von Auroshikha\"}]},{\"@type\":\"WebSite\",\"@id\":\"https:\\\/\\\/ganesha-shop-fuerth.de\\\/onlineshop\\\/#website\",\"url\":\"https:\\\/\\\/ganesha-shop-fuerth.de\\\/onlineshop\\\/\",\"name\":\"Ganesha Online Shop\",\"description\":\"Schmuck Kleidung Accessoires aus Asien\",\"publisher\":{\"@id\":\"https:\\\/\\\/ganesha-shop-fuerth.de\\\/onlineshop\\\/#organization\"},\"potentialAction\":[{\"@type\":\"SearchAction\",\"target\":{\"@type\":\"EntryPoint\",\"urlTemplate\":\"https:\\\/\\\/ganesha-shop-fuerth.de\\\/onlineshop\\\/?s={search_term_string}\"},\"query-input\":{\"@type\":\"PropertyValueSpecification\",\"valueRequired\":true,\"valueName\":\"search_term_string\"}}],\"inLanguage\":\"de\"},{\"@type\":\"Organization\",\"@id\":\"https:\\\/\\\/ganesha-shop-fuerth.de\\\/onlineshop\\\/#organization\",\"name\":\"Ganesha Shop F\u00fcrth\",\"url\":\"https:\\\/\\\/ganesha-shop-fuerth.de\\\/onlineshop\\\/\",\"logo\":{\"@type\":\"ImageObject\",\"inLanguage\":\"de\",\"@id\":\"https:\\\/\\\/ganesha-shop-fuerth.de\\\/onlineshop\\\/#\\\/schema\\\/logo\\\/image\\\/\",\"url\":\"https:\\\/\\\/ganesha-shop-fuerth.de\\\/onlineshop\\\/wp-content\\\/uploads\\\/Logos\\\/ganesha-onlineshop-footer-logo-19-Jahre.png\",\"contentUrl\":\"https:\\\/\\\/ganesha-shop-fuerth.de\\\/onlineshop\\\/wp-content\\\/uploads\\\/Logos\\\/ganesha-onlineshop-footer-logo-19-Jahre.png\",\"width\":250,\"height\":299,\"caption\":\"Ganesha Shop F\u00fcrth\"},\"image\":{\"@id\":\"https:\\\/\\\/ganesha-shop-fuerth.de\\\/onlineshop\\\/#\\\/schema\\\/logo\\\/image\\\/\"},\"sameAs\":[\"https:\\\/\\\/de-de.facebook.com\\\/ganeshashopfuerth\\\/\",\"https:\\\/\\\/www.youtube.com\\\/channel\\\/UCECWtim6iWB8dozVcmw-GcA\"]}]}<\/script>\n<!-- \/ Yoast SEO plugin. -->","yoast_head_json":{"title":"Wei\u00dfer Lotus R\u00e4ucherst\u00e4bchen von Auroshikha im Ganesha Online Shop","description":"Wei\u00dfer Lotus R\u00e4ucherst\u00e4bchen von Auroshikha im Ganesha Online Shop. Weitere R\u00e4ucherst\u00e4bchen D\u00fcfte von Auroshikha im Shop verf\u00fcgbar.","robots":{"index":"index","follow":"follow","max-snippet":"max-snippet:-1","max-image-preview":"max-image-preview:large","max-video-preview":"max-video-preview:-1"},"canonical":"https:\/\/ganesha-shop-fuerth.de\/onlineshop\/shop\/raeucherstaebchen-aus-indien\/auroshikha-raeucherstaebchen\/weisser-lotus-raeucherstaebchen-von-auroshikha\/","og_locale":"de_DE","og_type":"article","og_title":"Wei\u00dfer Lotus R\u00e4ucherst\u00e4bchen von Auroshikha im Ganesha Online Shop","og_description":"Wei\u00dfer Lotus R\u00e4ucherst\u00e4bchen von Auroshikha im Ganesha Online Shop. Weitere R\u00e4ucherst\u00e4bchen D\u00fcfte von Auroshikha im Shop verf\u00fcgbar.","og_url":"https:\/\/ganesha-shop-fuerth.de\/onlineshop\/shop\/raeucherstaebchen-aus-indien\/auroshikha-raeucherstaebchen\/weisser-lotus-raeucherstaebchen-von-auroshikha\/","og_site_name":"Ganesha Online Shop","article_publisher":"https:\/\/de-de.facebook.com\/ganeshashopfuerth\/","article_modified_time":"2024-12-07T12:36:06+00:00","og_image":[{"width":1200,"height":800,"url":"https:\/\/ganesha-shop-fuerth.de\/onlineshop\/wp-content\/uploads\/R\u00e4ucherst\u00e4bchen\/Auroshikha\/gso-rst-auroshikha-white-lotus.jpg","type":"image\/jpeg"}],"twitter_card":"summary_large_image","twitter_misc":{"Gesch\u00e4tzte Lesezeit":"2\u00a0Minuten"},"schema":{"@context":"https:\/\/schema.org","@graph":[{"@type":"WebPage","@id":"https:\/\/ganesha-shop-fuerth.de\/onlineshop\/shop\/raeucherstaebchen-aus-indien\/auroshikha-raeucherstaebchen\/weisser-lotus-raeucherstaebchen-von-auroshikha\/","url":"https:\/\/ganesha-shop-fuerth.de\/onlineshop\/shop\/raeucherstaebchen-aus-indien\/auroshikha-raeucherstaebchen\/weisser-lotus-raeucherstaebchen-von-auroshikha\/","name":"Wei\u00dfer Lotus R\u00e4ucherst\u00e4bchen von Auroshikha im Ganesha Online Shop","isPartOf":{"@id":"https:\/\/ganesha-shop-fuerth.de\/onlineshop\/#website"},"primaryImageOfPage":{"@id":"https:\/\/ganesha-shop-fuerth.de\/onlineshop\/shop\/raeucherstaebchen-aus-indien\/auroshikha-raeucherstaebchen\/weisser-lotus-raeucherstaebchen-von-auroshikha\/#primaryimage"},"image":{"@id":"https:\/\/ganesha-shop-fuerth.de\/onlineshop\/shop\/raeucherstaebchen-aus-indien\/auroshikha-raeucherstaebchen\/weisser-lotus-raeucherstaebchen-von-auroshikha\/#primaryimage"},"thumbnailUrl":"https:\/\/ganesha-shop-fuerth.de\/onlineshop\/wp-content\/uploads\/R\u00e4ucherst\u00e4bchen\/Auroshikha\/gso-rst-auroshikha-white-lotus.jpg","datePublished":"2021-12-22T20:41:47+00:00","dateModified":"2024-12-07T12:36:06+00:00","description":"Wei\u00dfer Lotus R\u00e4ucherst\u00e4bchen von Auroshikha im Ganesha Online Shop. Weitere R\u00e4ucherst\u00e4bchen D\u00fcfte von Auroshikha im Shop verf\u00fcgbar.","breadcrumb":{"@id":"https:\/\/ganesha-shop-fuerth.de\/onlineshop\/shop\/raeucherstaebchen-aus-indien\/auroshikha-raeucherstaebchen\/weisser-lotus-raeucherstaebchen-von-auroshikha\/#breadcrumb"},"inLanguage":"de","potentialAction":[{"@type":"ReadAction","target":["https:\/\/ganesha-shop-fuerth.de\/onlineshop\/shop\/raeucherstaebchen-aus-indien\/auroshikha-raeucherstaebchen\/weisser-lotus-raeucherstaebchen-von-auroshikha\/"]}]},{"@type":"ImageObject","inLanguage":"de","@id":"https:\/\/ganesha-shop-fuerth.de\/onlineshop\/shop\/raeucherstaebchen-aus-indien\/auroshikha-raeucherstaebchen\/weisser-lotus-raeucherstaebchen-von-auroshikha\/#primaryimage","url":"https:\/\/ganesha-shop-fuerth.de\/onlineshop\/wp-content\/uploads\/R\u00e4ucherst\u00e4bchen\/Auroshikha\/gso-rst-auroshikha-white-lotus.jpg","contentUrl":"https:\/\/ganesha-shop-fuerth.de\/onlineshop\/wp-content\/uploads\/R\u00e4ucherst\u00e4bchen\/Auroshikha\/gso-rst-auroshikha-white-lotus.jpg","width":1200,"height":800,"caption":"Wei\u00dfer Lotus R\u00e4ucherst\u00e4bchen von Auroshikha"},{"@type":"BreadcrumbList","@id":"https:\/\/ganesha-shop-fuerth.de\/onlineshop\/shop\/raeucherstaebchen-aus-indien\/auroshikha-raeucherstaebchen\/weisser-lotus-raeucherstaebchen-von-auroshikha\/#breadcrumb","itemListElement":[{"@type":"ListItem","position":1,"name":"Startseite","item":"https:\/\/ganesha-shop-fuerth.de\/onlineshop\/"},{"@type":"ListItem","position":2,"name":"Ganesha Online Shop","item":"https:\/\/ganesha-shop-fuerth.de\/onlineshop\/shop\/"},{"@type":"ListItem","position":3,"name":"Wei\u00dfer Lotus R\u00e4ucherst\u00e4bchen von Auroshikha"}]},{"@type":"WebSite","@id":"https:\/\/ganesha-shop-fuerth.de\/onlineshop\/#website","url":"https:\/\/ganesha-shop-fuerth.de\/onlineshop\/","name":"Ganesha Online Shop","description":"Schmuck Kleidung Accessoires aus Asien","publisher":{"@id":"https:\/\/ganesha-shop-fuerth.de\/onlineshop\/#organization"},"potentialAction":[{"@type":"SearchAction","target":{"@type":"EntryPoint","urlTemplate":"https:\/\/ganesha-shop-fuerth.de\/onlineshop\/?s={search_term_string}"},"query-input":{"@type":"PropertyValueSpecification","valueRequired":true,"valueName":"search_term_string"}}],"inLanguage":"de"},{"@type":"Organization","@id":"https:\/\/ganesha-shop-fuerth.de\/onlineshop\/#organization","name":"Ganesha Shop F\u00fcrth","url":"https:\/\/ganesha-shop-fuerth.de\/onlineshop\/","logo":{"@type":"ImageObject","inLanguage":"de","@id":"https:\/\/ganesha-shop-fuerth.de\/onlineshop\/#\/schema\/logo\/image\/","url":"https:\/\/ganesha-shop-fuerth.de\/onlineshop\/wp-content\/uploads\/Logos\/ganesha-onlineshop-footer-logo-19-Jahre.png","contentUrl":"https:\/\/ganesha-shop-fuerth.de\/onlineshop\/wp-content\/uploads\/Logos\/ganesha-onlineshop-footer-logo-19-Jahre.png","width":250,"height":299,"caption":"Ganesha Shop F\u00fcrth"},"image":{"@id":"https:\/\/ganesha-shop-fuerth.de\/onlineshop\/#\/schema\/logo\/image\/"},"sameAs":["https:\/\/de-de.facebook.com\/ganeshashopfuerth\/","https:\/\/www.youtube.com\/channel\/UCECWtim6iWB8dozVcmw-GcA"]}]}},"_links":{"self":[{"href":"https:\/\/ganesha-shop-fuerth.de\/onlineshop\/wp-json\/wp\/v2\/product\/4741","targetHints":{"allow":["GET"]}}],"collection":[{"href":"https:\/\/ganesha-shop-fuerth.de\/onlineshop\/wp-json\/wp\/v2\/product"}],"about":[{"href":"https:\/\/ganesha-shop-fuerth.de\/onlineshop\/wp-json\/wp\/v2\/types\/product"}],"replies":[{"embeddable":true,"href":"https:\/\/ganesha-shop-fuerth.de\/onlineshop\/wp-json\/wp\/v2\/comments?post=4741"}],"wp:featuredmedia":[{"embeddable":true,"href":"https:\/\/ganesha-shop-fuerth.de\/onlineshop\/wp-json\/wp\/v2\/media\/4734"}],"wp:attachment":[{"href":"https:\/\/ganesha-shop-fuerth.de\/onlineshop\/wp-json\/wp\/v2\/media?parent=4741"}],"wp:term":[{"taxonomy":"product_brand","embeddable":true,"href":"https:\/\/ganesha-shop-fuerth.de\/onlineshop\/wp-json\/wp\/v2\/product_brand?post=4741"},{"taxonomy":"product_cat","embeddable":true,"href":"https:\/\/ganesha-shop-fuerth.de\/onlineshop\/wp-json\/wp\/v2\/product_cat?post=4741"},{"taxonomy":"product_tag","embeddable":true,"href":"https:\/\/ganesha-shop-fuerth.de\/onlineshop\/wp-json\/wp\/v2\/product_tag?post=4741"}],"curies":[{"name":"wp","href":"https:\/\/api.w.org\/{rel}","templated":true}]}}