{"id":4801,"date":"2022-01-10T12:58:51","date_gmt":"2022-01-10T11:58:51","guid":{"rendered":"https:\/\/ganesha-shop-fuerth.de\/onlineshop\/?post_type=product&#038;p=4801"},"modified":"2022-05-27T16:21:21","modified_gmt":"2022-05-27T14:21:21","slug":"mala-mit-holz-edelstein-silber-perlen","status":"publish","type":"product","link":"https:\/\/ganesha-shop-fuerth.de\/onlineshop\/shop\/meditationszubehoer\/malas\/mala-mit-holz-edelstein-silber-perlen\/","title":{"rendered":"Mala mit Holz-Edelstein-Silber-Perlen"},"content":{"rendered":"<p>Mala mit Holz-Edelstein-Silber-Perlen. Die Edelstein Perlen sind aus Amethyst, gr\u00fcnen Onyx und Granat. Die Silberperlen sind versilbert. Farbe der Quaste: Dunkelgr\u00fcn. L\u00e4nge der Mala ohne Quaste: ca. 46 cm; Mit Quaste: 57 cm; Gewicht ca. 67 g; \u2205 der Perlen ca. 0,8 cm. Die Mala ist eine buddhistische Gebetskette mit 108 Perlen. Sie wird zur Meditation und zur Mantra Rezitation eingesetzt.<\/p>\n<p>Die Bedeutung der 108 Perlen:<br \/>\nDie Anschauungen und Weisheiten Buddhas wurden in 108 B\u00e4nden des Kanjur verzeichnet und gesammelt. Darauf verweisen die 108 Perlen in der Mala. Weitere Informationen zur Mala finden Sie <a title=\"externer Link zu Wikipedia\" href=\"https:\/\/de.wikipedia.org\/wiki\/Mala_(Gebetskette)\" target=\"_blank\" rel=\"noopener noreferrer\">hier<\/a>. Die Mala Kette ist durchgehend ohne Verschluss oder \u00d6ffnung.<\/p>\n<figure id=\"attachment_4794\" aria-describedby=\"caption-attachment-4794\" style=\"width: 360px\" class=\"wp-caption alignnone\"><a href=\"https:\/\/ganesha-shop-fuerth.de\/onlineshop\/wp-content\/uploads\/Meditationszubeh\u00f6r\/gso-mala-0008-magnify.jpg\"><img loading=\"lazy\" decoding=\"async\" class=\"wp-image-4794\" src=\"https:\/\/ganesha-shop-fuerth.de\/onlineshop\/wp-content\/uploads\/Meditationszubeh\u00f6r\/gso-mala-0008-magnify-222x300.jpg\" alt=\"Mala mit Holz-Edelstein-Silber-Perlen\" width=\"360\" height=\"486\" srcset=\"https:\/\/ganesha-shop-fuerth.de\/onlineshop\/wp-content\/uploads\/Meditationszubeh\u00f6r\/gso-mala-0008-magnify-222x300.jpg 222w, https:\/\/ganesha-shop-fuerth.de\/onlineshop\/wp-content\/uploads\/Meditationszubeh\u00f6r\/gso-mala-0008-magnify-758x1024.jpg 758w, https:\/\/ganesha-shop-fuerth.de\/onlineshop\/wp-content\/uploads\/Meditationszubeh\u00f6r\/gso-mala-0008-magnify-768x1038.jpg 768w, https:\/\/ganesha-shop-fuerth.de\/onlineshop\/wp-content\/uploads\/Meditationszubeh\u00f6r\/gso-mala-0008-magnify-324x438.jpg 324w, https:\/\/ganesha-shop-fuerth.de\/onlineshop\/wp-content\/uploads\/Meditationszubeh\u00f6r\/gso-mala-0008-magnify-416x562.jpg 416w, https:\/\/ganesha-shop-fuerth.de\/onlineshop\/wp-content\/uploads\/Meditationszubeh\u00f6r\/gso-mala-0008-magnify.jpg 900w\" sizes=\"auto, (max-width: 360px) 100vw, 360px\" \/><\/a><figcaption id=\"caption-attachment-4794\" class=\"wp-caption-text\">Mala mit Holz-Edelstein-Silber-Perlen<\/figcaption><\/figure>\n","protected":false},"excerpt":{"rendered":"<p>Mala mit Holz-Edelstein-Silber-Perlen<\/p>\n","protected":false},"featured_media":4794,"comment_status":"open","ping_status":"closed","template":"","meta":[],"product_brand":[],"product_cat":[139,138],"product_tag":[43,51,143,140,48],"class_list":{"0":"post-4801","1":"product","2":"type-product","3":"status-publish","4":"has-post-thumbnail","6":"product_cat-malas","7":"product_cat-meditationszubehoer","8":"product_tag-amethyst","9":"product_tag-silberschmuck-mit-granat-stein","10":"product_tag-mala","11":"product_tag-meditationszubehoer","12":"product_tag-silberschmuck-mit-onyx","14":"first","15":"instock","16":"featured","17":"taxable","18":"shipping-taxable","19":"purchasable","20":"product-type-simple"},"yoast_head":"<!-- This site is optimized with the Yoast SEO plugin v27.3 - https:\/\/yoast.com\/product\/yoast-seo-wordpress\/ -->\n<title>Mala mit Holz-Edelstein-Silber-Perlen im Ganesha Online Shop<\/title>\n<meta name=\"description\" content=\"Mala mit Holz-Edelstein-Silber-Perlen im Ganesha Online Shop kaufen. Weitere Malas mit Karneol oder Bergkristall verf\u00fcgbar.\" \/>\n<meta name=\"robots\" content=\"index, follow, max-snippet:-1, max-image-preview:large, max-video-preview:-1\" \/>\n<link rel=\"canonical\" href=\"https:\/\/ganesha-shop-fuerth.de\/onlineshop\/shop\/meditationszubehoer\/malas\/mala-mit-holz-edelstein-silber-perlen\/\" \/>\n<meta property=\"og:locale\" content=\"de_DE\" \/>\n<meta property=\"og:type\" content=\"article\" \/>\n<meta property=\"og:title\" content=\"Mala mit Holz-Edelstein-Silber-Perlen im Ganesha Online Shop\" \/>\n<meta property=\"og:description\" content=\"Mala mit Holz-Edelstein-Silber-Perlen im Ganesha Online Shop kaufen. Weitere Malas mit Karneol oder Bergkristall verf\u00fcgbar.\" \/>\n<meta property=\"og:url\" content=\"https:\/\/ganesha-shop-fuerth.de\/onlineshop\/shop\/meditationszubehoer\/malas\/mala-mit-holz-edelstein-silber-perlen\/\" \/>\n<meta property=\"og:site_name\" content=\"Ganesha Online Shop\" \/>\n<meta property=\"article:publisher\" content=\"https:\/\/de-de.facebook.com\/ganeshashopfuerth\/\" \/>\n<meta property=\"article:modified_time\" content=\"2022-05-27T14:21:21+00:00\" \/>\n<meta property=\"og:image\" content=\"https:\/\/ganesha-shop-fuerth.de\/onlineshop\/wp-content\/uploads\/Meditationszubeh\u00f6r\/gso-mala-0008-magnify.jpg\" \/>\n\t<meta property=\"og:image:width\" content=\"900\" \/>\n\t<meta property=\"og:image:height\" content=\"1216\" \/>\n\t<meta property=\"og:image:type\" content=\"image\/jpeg\" \/>\n<meta name=\"twitter:card\" content=\"summary_large_image\" \/>\n<meta name=\"twitter:label1\" content=\"Gesch\u00e4tzte Lesezeit\" \/>\n\t<meta name=\"twitter:data1\" content=\"1\u00a0Minute\" \/>\n<script type=\"application\/ld+json\" class=\"yoast-schema-graph\">{\"@context\":\"https:\\\/\\\/schema.org\",\"@graph\":[{\"@type\":\"WebPage\",\"@id\":\"https:\\\/\\\/ganesha-shop-fuerth.de\\\/onlineshop\\\/shop\\\/meditationszubehoer\\\/malas\\\/mala-mit-holz-edelstein-silber-perlen\\\/\",\"url\":\"https:\\\/\\\/ganesha-shop-fuerth.de\\\/onlineshop\\\/shop\\\/meditationszubehoer\\\/malas\\\/mala-mit-holz-edelstein-silber-perlen\\\/\",\"name\":\"Mala mit Holz-Edelstein-Silber-Perlen im Ganesha Online Shop\",\"isPartOf\":{\"@id\":\"https:\\\/\\\/ganesha-shop-fuerth.de\\\/onlineshop\\\/#website\"},\"primaryImageOfPage\":{\"@id\":\"https:\\\/\\\/ganesha-shop-fuerth.de\\\/onlineshop\\\/shop\\\/meditationszubehoer\\\/malas\\\/mala-mit-holz-edelstein-silber-perlen\\\/#primaryimage\"},\"image\":{\"@id\":\"https:\\\/\\\/ganesha-shop-fuerth.de\\\/onlineshop\\\/shop\\\/meditationszubehoer\\\/malas\\\/mala-mit-holz-edelstein-silber-perlen\\\/#primaryimage\"},\"thumbnailUrl\":\"https:\\\/\\\/ganesha-shop-fuerth.de\\\/onlineshop\\\/wp-content\\\/uploads\\\/Meditationszubeh\u00f6r\\\/gso-mala-0008-magnify.jpg\",\"datePublished\":\"2022-01-10T11:58:51+00:00\",\"dateModified\":\"2022-05-27T14:21:21+00:00\",\"description\":\"Mala mit Holz-Edelstein-Silber-Perlen im Ganesha Online Shop kaufen. Weitere Malas mit Karneol oder Bergkristall verf\u00fcgbar.\",\"breadcrumb\":{\"@id\":\"https:\\\/\\\/ganesha-shop-fuerth.de\\\/onlineshop\\\/shop\\\/meditationszubehoer\\\/malas\\\/mala-mit-holz-edelstein-silber-perlen\\\/#breadcrumb\"},\"inLanguage\":\"de\",\"potentialAction\":[{\"@type\":\"ReadAction\",\"target\":[\"https:\\\/\\\/ganesha-shop-fuerth.de\\\/onlineshop\\\/shop\\\/meditationszubehoer\\\/malas\\\/mala-mit-holz-edelstein-silber-perlen\\\/\"]}]},{\"@type\":\"ImageObject\",\"inLanguage\":\"de\",\"@id\":\"https:\\\/\\\/ganesha-shop-fuerth.de\\\/onlineshop\\\/shop\\\/meditationszubehoer\\\/malas\\\/mala-mit-holz-edelstein-silber-perlen\\\/#primaryimage\",\"url\":\"https:\\\/\\\/ganesha-shop-fuerth.de\\\/onlineshop\\\/wp-content\\\/uploads\\\/Meditationszubeh\u00f6r\\\/gso-mala-0008-magnify.jpg\",\"contentUrl\":\"https:\\\/\\\/ganesha-shop-fuerth.de\\\/onlineshop\\\/wp-content\\\/uploads\\\/Meditationszubeh\u00f6r\\\/gso-mala-0008-magnify.jpg\",\"width\":900,\"height\":1216,\"caption\":\"Mala mit Holz-Edelstein-Silber-Perlen\"},{\"@type\":\"BreadcrumbList\",\"@id\":\"https:\\\/\\\/ganesha-shop-fuerth.de\\\/onlineshop\\\/shop\\\/meditationszubehoer\\\/malas\\\/mala-mit-holz-edelstein-silber-perlen\\\/#breadcrumb\",\"itemListElement\":[{\"@type\":\"ListItem\",\"position\":1,\"name\":\"Startseite\",\"item\":\"https:\\\/\\\/ganesha-shop-fuerth.de\\\/onlineshop\\\/\"},{\"@type\":\"ListItem\",\"position\":2,\"name\":\"Ganesha Online Shop\",\"item\":\"https:\\\/\\\/ganesha-shop-fuerth.de\\\/onlineshop\\\/shop\\\/\"},{\"@type\":\"ListItem\",\"position\":3,\"name\":\"Mala mit Holz-Edelstein-Silber-Perlen\"}]},{\"@type\":\"WebSite\",\"@id\":\"https:\\\/\\\/ganesha-shop-fuerth.de\\\/onlineshop\\\/#website\",\"url\":\"https:\\\/\\\/ganesha-shop-fuerth.de\\\/onlineshop\\\/\",\"name\":\"Ganesha Online Shop\",\"description\":\"Schmuck Kleidung Accessoires aus Asien\",\"publisher\":{\"@id\":\"https:\\\/\\\/ganesha-shop-fuerth.de\\\/onlineshop\\\/#organization\"},\"potentialAction\":[{\"@type\":\"SearchAction\",\"target\":{\"@type\":\"EntryPoint\",\"urlTemplate\":\"https:\\\/\\\/ganesha-shop-fuerth.de\\\/onlineshop\\\/?s={search_term_string}\"},\"query-input\":{\"@type\":\"PropertyValueSpecification\",\"valueRequired\":true,\"valueName\":\"search_term_string\"}}],\"inLanguage\":\"de\"},{\"@type\":\"Organization\",\"@id\":\"https:\\\/\\\/ganesha-shop-fuerth.de\\\/onlineshop\\\/#organization\",\"name\":\"Ganesha Shop F\u00fcrth\",\"url\":\"https:\\\/\\\/ganesha-shop-fuerth.de\\\/onlineshop\\\/\",\"logo\":{\"@type\":\"ImageObject\",\"inLanguage\":\"de\",\"@id\":\"https:\\\/\\\/ganesha-shop-fuerth.de\\\/onlineshop\\\/#\\\/schema\\\/logo\\\/image\\\/\",\"url\":\"https:\\\/\\\/ganesha-shop-fuerth.de\\\/onlineshop\\\/wp-content\\\/uploads\\\/Logos\\\/ganesha-onlineshop-footer-logo-19-Jahre.png\",\"contentUrl\":\"https:\\\/\\\/ganesha-shop-fuerth.de\\\/onlineshop\\\/wp-content\\\/uploads\\\/Logos\\\/ganesha-onlineshop-footer-logo-19-Jahre.png\",\"width\":250,\"height\":299,\"caption\":\"Ganesha Shop F\u00fcrth\"},\"image\":{\"@id\":\"https:\\\/\\\/ganesha-shop-fuerth.de\\\/onlineshop\\\/#\\\/schema\\\/logo\\\/image\\\/\"},\"sameAs\":[\"https:\\\/\\\/de-de.facebook.com\\\/ganeshashopfuerth\\\/\",\"https:\\\/\\\/www.youtube.com\\\/channel\\\/UCECWtim6iWB8dozVcmw-GcA\"]}]}<\/script>\n<!-- \/ Yoast SEO plugin. -->","yoast_head_json":{"title":"Mala mit Holz-Edelstein-Silber-Perlen im Ganesha Online Shop","description":"Mala mit Holz-Edelstein-Silber-Perlen im Ganesha Online Shop kaufen. Weitere Malas mit Karneol oder Bergkristall verf\u00fcgbar.","robots":{"index":"index","follow":"follow","max-snippet":"max-snippet:-1","max-image-preview":"max-image-preview:large","max-video-preview":"max-video-preview:-1"},"canonical":"https:\/\/ganesha-shop-fuerth.de\/onlineshop\/shop\/meditationszubehoer\/malas\/mala-mit-holz-edelstein-silber-perlen\/","og_locale":"de_DE","og_type":"article","og_title":"Mala mit Holz-Edelstein-Silber-Perlen im Ganesha Online Shop","og_description":"Mala mit Holz-Edelstein-Silber-Perlen im Ganesha Online Shop kaufen. Weitere Malas mit Karneol oder Bergkristall verf\u00fcgbar.","og_url":"https:\/\/ganesha-shop-fuerth.de\/onlineshop\/shop\/meditationszubehoer\/malas\/mala-mit-holz-edelstein-silber-perlen\/","og_site_name":"Ganesha Online Shop","article_publisher":"https:\/\/de-de.facebook.com\/ganeshashopfuerth\/","article_modified_time":"2022-05-27T14:21:21+00:00","og_image":[{"width":900,"height":1216,"url":"https:\/\/ganesha-shop-fuerth.de\/onlineshop\/wp-content\/uploads\/Meditationszubeh\u00f6r\/gso-mala-0008-magnify.jpg","type":"image\/jpeg"}],"twitter_card":"summary_large_image","twitter_misc":{"Gesch\u00e4tzte Lesezeit":"1\u00a0Minute"},"schema":{"@context":"https:\/\/schema.org","@graph":[{"@type":"WebPage","@id":"https:\/\/ganesha-shop-fuerth.de\/onlineshop\/shop\/meditationszubehoer\/malas\/mala-mit-holz-edelstein-silber-perlen\/","url":"https:\/\/ganesha-shop-fuerth.de\/onlineshop\/shop\/meditationszubehoer\/malas\/mala-mit-holz-edelstein-silber-perlen\/","name":"Mala mit Holz-Edelstein-Silber-Perlen im Ganesha Online Shop","isPartOf":{"@id":"https:\/\/ganesha-shop-fuerth.de\/onlineshop\/#website"},"primaryImageOfPage":{"@id":"https:\/\/ganesha-shop-fuerth.de\/onlineshop\/shop\/meditationszubehoer\/malas\/mala-mit-holz-edelstein-silber-perlen\/#primaryimage"},"image":{"@id":"https:\/\/ganesha-shop-fuerth.de\/onlineshop\/shop\/meditationszubehoer\/malas\/mala-mit-holz-edelstein-silber-perlen\/#primaryimage"},"thumbnailUrl":"https:\/\/ganesha-shop-fuerth.de\/onlineshop\/wp-content\/uploads\/Meditationszubeh\u00f6r\/gso-mala-0008-magnify.jpg","datePublished":"2022-01-10T11:58:51+00:00","dateModified":"2022-05-27T14:21:21+00:00","description":"Mala mit Holz-Edelstein-Silber-Perlen im Ganesha Online Shop kaufen. Weitere Malas mit Karneol oder Bergkristall verf\u00fcgbar.","breadcrumb":{"@id":"https:\/\/ganesha-shop-fuerth.de\/onlineshop\/shop\/meditationszubehoer\/malas\/mala-mit-holz-edelstein-silber-perlen\/#breadcrumb"},"inLanguage":"de","potentialAction":[{"@type":"ReadAction","target":["https:\/\/ganesha-shop-fuerth.de\/onlineshop\/shop\/meditationszubehoer\/malas\/mala-mit-holz-edelstein-silber-perlen\/"]}]},{"@type":"ImageObject","inLanguage":"de","@id":"https:\/\/ganesha-shop-fuerth.de\/onlineshop\/shop\/meditationszubehoer\/malas\/mala-mit-holz-edelstein-silber-perlen\/#primaryimage","url":"https:\/\/ganesha-shop-fuerth.de\/onlineshop\/wp-content\/uploads\/Meditationszubeh\u00f6r\/gso-mala-0008-magnify.jpg","contentUrl":"https:\/\/ganesha-shop-fuerth.de\/onlineshop\/wp-content\/uploads\/Meditationszubeh\u00f6r\/gso-mala-0008-magnify.jpg","width":900,"height":1216,"caption":"Mala mit Holz-Edelstein-Silber-Perlen"},{"@type":"BreadcrumbList","@id":"https:\/\/ganesha-shop-fuerth.de\/onlineshop\/shop\/meditationszubehoer\/malas\/mala-mit-holz-edelstein-silber-perlen\/#breadcrumb","itemListElement":[{"@type":"ListItem","position":1,"name":"Startseite","item":"https:\/\/ganesha-shop-fuerth.de\/onlineshop\/"},{"@type":"ListItem","position":2,"name":"Ganesha Online Shop","item":"https:\/\/ganesha-shop-fuerth.de\/onlineshop\/shop\/"},{"@type":"ListItem","position":3,"name":"Mala mit Holz-Edelstein-Silber-Perlen"}]},{"@type":"WebSite","@id":"https:\/\/ganesha-shop-fuerth.de\/onlineshop\/#website","url":"https:\/\/ganesha-shop-fuerth.de\/onlineshop\/","name":"Ganesha Online Shop","description":"Schmuck Kleidung Accessoires aus Asien","publisher":{"@id":"https:\/\/ganesha-shop-fuerth.de\/onlineshop\/#organization"},"potentialAction":[{"@type":"SearchAction","target":{"@type":"EntryPoint","urlTemplate":"https:\/\/ganesha-shop-fuerth.de\/onlineshop\/?s={search_term_string}"},"query-input":{"@type":"PropertyValueSpecification","valueRequired":true,"valueName":"search_term_string"}}],"inLanguage":"de"},{"@type":"Organization","@id":"https:\/\/ganesha-shop-fuerth.de\/onlineshop\/#organization","name":"Ganesha Shop F\u00fcrth","url":"https:\/\/ganesha-shop-fuerth.de\/onlineshop\/","logo":{"@type":"ImageObject","inLanguage":"de","@id":"https:\/\/ganesha-shop-fuerth.de\/onlineshop\/#\/schema\/logo\/image\/","url":"https:\/\/ganesha-shop-fuerth.de\/onlineshop\/wp-content\/uploads\/Logos\/ganesha-onlineshop-footer-logo-19-Jahre.png","contentUrl":"https:\/\/ganesha-shop-fuerth.de\/onlineshop\/wp-content\/uploads\/Logos\/ganesha-onlineshop-footer-logo-19-Jahre.png","width":250,"height":299,"caption":"Ganesha Shop F\u00fcrth"},"image":{"@id":"https:\/\/ganesha-shop-fuerth.de\/onlineshop\/#\/schema\/logo\/image\/"},"sameAs":["https:\/\/de-de.facebook.com\/ganeshashopfuerth\/","https:\/\/www.youtube.com\/channel\/UCECWtim6iWB8dozVcmw-GcA"]}]}},"_links":{"self":[{"href":"https:\/\/ganesha-shop-fuerth.de\/onlineshop\/wp-json\/wp\/v2\/product\/4801","targetHints":{"allow":["GET"]}}],"collection":[{"href":"https:\/\/ganesha-shop-fuerth.de\/onlineshop\/wp-json\/wp\/v2\/product"}],"about":[{"href":"https:\/\/ganesha-shop-fuerth.de\/onlineshop\/wp-json\/wp\/v2\/types\/product"}],"replies":[{"embeddable":true,"href":"https:\/\/ganesha-shop-fuerth.de\/onlineshop\/wp-json\/wp\/v2\/comments?post=4801"}],"wp:featuredmedia":[{"embeddable":true,"href":"https:\/\/ganesha-shop-fuerth.de\/onlineshop\/wp-json\/wp\/v2\/media\/4794"}],"wp:attachment":[{"href":"https:\/\/ganesha-shop-fuerth.de\/onlineshop\/wp-json\/wp\/v2\/media?parent=4801"}],"wp:term":[{"taxonomy":"product_brand","embeddable":true,"href":"https:\/\/ganesha-shop-fuerth.de\/onlineshop\/wp-json\/wp\/v2\/product_brand?post=4801"},{"taxonomy":"product_cat","embeddable":true,"href":"https:\/\/ganesha-shop-fuerth.de\/onlineshop\/wp-json\/wp\/v2\/product_cat?post=4801"},{"taxonomy":"product_tag","embeddable":true,"href":"https:\/\/ganesha-shop-fuerth.de\/onlineshop\/wp-json\/wp\/v2\/product_tag?post=4801"}],"curies":[{"name":"wp","href":"https:\/\/api.w.org\/{rel}","templated":true}]}}